ist the prime factors of (24/(-28))/(m/(-42)).
2, 3
Suppose 3*g + 5*h = 24, -4*g + 21 = -2*g + 5*h. List the prime factors of g.
3
Suppose -6*y + y - 35 = 0. Let d = 28 + y. List the prime factors of d.
3, 7
Let m(z) = 8*z. Let g(y) = -3*y. Let o(r) = -11*g(r) - 4*m(r). Let v be o(2). Suppose v*k = 6*k - 16. What are the prime factors of k?
2
List the prime factors of 4/(-26) + 10008/156.
2
Let k(j) = 7*j**2 - 5*j - 16. List the prime factors of k(-3).
2, 31
Let m(h) = -h**3 + 3*h**2 + h + 2. Let s(x) = -x - 2. Let b be s(-8). Suppose 0 = -k + 3*k - b. What are the prime factors of m(k)?
5
Suppose -4*j - 518 = -2*b, -2*b + 4*j = 2*b - 1048. List the prime factors of b.
5, 53
Let m(x) = x**2 - 6*x + 14. List the prime factors of m(9).
41
Suppose 66*n - 204 = 62*n. List the prime factors of n.
3, 17
Let w = -105 - -155. List the prime factors of w.
2, 5
Let o(l) = 21*l**3 + l**2. Let f be o(1). Suppose -4*m = -3*q + 30, 5*q = m + 28 + f. What are the prime factors of q?
2, 5
Let f(k) = -k**3 - 19*k**2 - 39*k. List the prime factors of f(-17).
5, 17
Let h(a) = -a**3 + 3*a**2 - a. Let n be h(3). Let c = -2 - n. What are the prime factors of c - (2 + -4 + 0)?
3
List the prime factors of (-2 - 113)/(0 + -2 + 1).
5, 23
Let m be (-2 - 4/(-2)) + 24. Suppose -3*t = -t - m. List the prime factors of t.
2, 3
Let h(j) = 3 - 4 - 1 + 2*j + 0. Let w = 12 + -8. What are the prime factors of h(w)?
2, 3
Let r = -9 + 15. Let y be -10*(-3)/r - -3. Let w = -4 + y. What are the prime factors of w?
2
Suppose -3*s - 8 = 2*z, z - 2*s - 6 = 3*z. Suppose -3 = -4*o + o. What are the prime factors of z - 6*(o + -3)?
11
Suppose -8*m + 10*m - 130 = 0. List the prime factors of m.
5, 13
Let l = 4 - -1. Suppose 0 = 4*r + 5*q - 22, -2*r = -q + 4*q - 10. Suppose l*s - r = 7. What are the prime factors of s?
3
Suppose -5*s = -2*s - 48. Let x be (-27)/(-6) + (-2)/(-4). Suppose 5*r = 3*h + r - 24, -2*h + s = -x*r. List the prime factors of h.
2
Suppose -1 = -5*i - 3*x + 22, 9 = i + 5*x. Let p(b) = 2*b - 5. Let q be p(4). Suppose 2*w + 5*k - 8 = -0*w, -i*k = q*w - 19. What are the prime factors of w?
3
Let f = 67 - 156. Let z = -50 - f. List the prime factors of z.
3, 13
Let l(y) = -y**3 + 14. What are the prime factors of l(0)?
2, 7
Let k be 18/(-12)*(-8)/6. Suppose -56 = -k*w - 2*w. What are the prime factors of w?
2, 7
Let b(c) = -c**3 + 13*c**2 - 8*c + 6. Let n be b(12). Suppose 4*j - 4*p - 31 - 5 = 0, 4*j + 5*p - n = 0. List the prime factors of j.
11
Let g be -2 - (-1)/1 - -2. Let k be 8/(-1 - (g - 1)). Let i = 20 + k. What are the prime factors of i?
2, 3
Let s(r) be the first derivative of r**2/2 - 2. Let o be s(-1). Let f = 1 - o. List the prime factors of f.
2
Suppose a = 36 + 29. List the prime factors of a.
5, 13
Let c(j) = -2*j**3 - 14*j**2 + 3*j + 12. What are the prime factors of c(-8)?
2, 29
Suppose 8*w = 5*w + 537. Suppose 0 = 4*n - w - 29. List the prime factors of n.
2, 13
Suppose -3*k - 2*k - 15 = 0, 2*t - 5*k - 183 = 0. Let m = t + -49. List the prime factors of m.
5, 7
Suppose 12 = -4*k, m + 4*k + 1 + 7 = 0. Suppose 4*h - 40 = 4*z, 0 = m*h - z + 6*z + 5. What are the prime factors of h?
5
Suppose -f + 8 = 3*f. Suppose 0 = -5*r + 10, 5*x + r - 50 = f*x. List the prime factors of x.
2
Let m = 27 + -18. What are the prime factors of m?
3
Let b(u) = -3*u**2 - 2*u + 2. Let f be b(-2). Suppose 0*i - 5*i - 5 = 5*j, 4*i = 3*j - 25. Let v = j - f. What are the prime factors of v?
3
Suppose -3*o = -0*o - 102. Suppose -4*v + o = -66. List the prime factors of v.
5
Suppose 3*n + 40 = -2*n. Let x = n + 2. Let f = x + 17. What are the prime factors of f?
11
Suppose z - 2 = 0, x - 2*x = -5*z - 17. List the prime factors of x.
3
Suppose 0*c + 33 = 3*c - 3*s, 3*s + 9 = 0. Let x = c - -10. List the prime factors of x*2/4 - -1.
2, 5
Suppose -7*q + 5*q + 124 = 0. What are the prime factors of q?
2, 31
Let q(x) = 2*x. Suppose 4*i - 7 + 0 = -z, 3*z - 12 = -3*i. Let y be q(z). Suppose -4*m = -4*j + 8, -y = -5*j - 3*m + 20. List the prime factors of j.
2
Let q be 120/14 - (-3)/7. Suppose b = 4 + q. What are the prime factors of b?
13
Suppose -4*s = z - 7, z + 5 - 6 = 2*s. Suppose 3*a + 21 = z. What are the prime factors of 21*(-2 + 0)/a?
7
Let m(h) = -h**2 - 5*h + 6. Let k be m(-6). Suppose -p + k*p = -9. What are the prime factors of p?
3
Let y(m) = -11*m**2 + 2. Let f(n) = -10*n**2 - n + 1. Let u(g) = 6*f(g) - 5*y(g). Let i be u(-4). List the prime factors of ((-12)/(-30))/((-2)/i).
2, 3
Suppose -5*o + 15 = -3*y, -15 = -y - 2*y - 5*o. Let d be 2/(-1)*(-3)/2. Suppose y = -2*q - 2*q + r + 45, -41 = -4*q - d*r. What are the prime factors of q?
11
Let u(i) = -2*i**2 + 45*i + 15. What are the prime factors of u(18)?
3, 59
Let g(p) = 20*p - 19. List the prime factors of g(6).
101
Suppose 5 = r, 3*r + 29 = 2*m - 6. What are the prime factors of m?
5
Suppose 13 + 12 = -l. Let u = 52 + l. Suppose -u = -j - 2*j. List the prime factors of j.
3
Let q = 1 + 4. Suppose -q*u = c + 5 - 59, c - 50 = -4*u. What are the prime factors of c?
2, 17
What are the prime factors of (20144/30)/4 - 6/(-45)?
2, 3, 7
Let y(o) = o**3 + 23*o**2 - 6*o - 46. List the prime factors of y(-23).
2, 23
Let b(f) = -f**3 + 8*f**2 + 5*f - 12. List the prime factors of b(8).
2, 7
Let t be 1 + (849/3 - 3). Suppose 157 = 3*w + 4*i, -5*w - i = -4*i - t. List the prime factors of w.
5, 11
What are the prime factors of (-26)/(-169) + 1571/13 + 0?
11
Let h(j) = j**2 + 5*j + 3. Suppose -4*r - 3 = 9, -3*t = -r - 6. Let w be 1 + t + -9 + 1. What are the prime factors of h(w)?
3
Suppose -2*k + 1 = -7. Suppose -87 = -k*j - 19. What are the prime factors of j?
17
Suppose 3*b + 2 = b. What are the prime factors of (25 + -5)*b/(-1)?
2, 5
Let a(o) = -4*o. List the prime factors of a(-4).
2
Suppose 0 = 3*q + 52 - 181. List the prime factors of q.
43
Let s(m) = 11*m. Let h be (2/(-4))/((-1)/2). What are the prime factors of s(h)?
11
Let x(b) = b**2 + 12*b + 24. What are the prime factors of x(-17)?
109
Let z(g) = -g**2 - 9*g - 4. Let c be (1 - -2)*(-28)/21. List the prime factors of z(c).
2
Suppose -c + 17 - 5 = 0. What are the prime factors of c?
2, 3
Let n(k) = -3*k. Let c(q) be the first derivative of -q**2/2 + 2*q + 2. Let s be c(5). What are the prime factors of n(s)?
3
Suppose i - p + 129 = 3*i, 2*i = 4*p + 124. What are the prime factors of i?
2
Let c be -4 - -1 - (-15 - -3). Suppose 2*r + r - c = 0. What are the prime factors of r?
3
Suppose 5*z - 3*i - 25 + 6 = 0, -z - 5*i = -15. Suppose 53 = 4*j + t, z*j = -3*t + 86 - 18. What are the prime factors of j?
13
Let d(h) be the second derivative of 7*h**3/6 + 5*h**2/2 + h. Let s(w) = -6*w - 5. Let a(p) = 5*d(p) + 6*s(p). List the prime factors of a(-7).
2
Suppose -91 = -8*q + 237. What are the prime factors of q?
41
Suppose 5*n = 148 - 38. Suppose s + s + 12 = 2*z, 0 = -5*z - 3*s + n. Suppose 3*t - z*g - 24 = 0, 5*t - 6 = 2*g + 15. List the prime factors of t.
3
Suppose 0*j - 6 = j - 2*x, -4*x + 12 = 4*j. Suppose 5*h + 65 = 5*n, 0 = 3*n - j*n + 4*h - 67. Suppose -5*r + n - 2 = 0. List the prime factors of r.
3
Suppose 2*n - 5*m = 7*n - 40, -5*n + 19 = -2*m. Suppose 2*x - 5*y = 3*x - 3, 0 = n*x - 5*y + 75. Let b = 24 + x. What are the prime factors of b?
2, 3
Suppose 3*b = -s + 8, 3*b - 1 = s + 3. Suppose -41 = -2*f + u - 2*u, -5*f + s*u + 116 = 0. List the prime factors of f.
2, 11
Let v be (-1 + 25)*1/2. Let b = v + 1. What are the prime factors of b?
13
Let k(r) = -2*r - 3. Let u be k(-5). Let b(m) = -m**3 + 6*m**2 + 7*m + 7. List the prime factors of b(u).
7
Let k = 14 + -24. Let j be (-4)/k + 7/(-5). Let m = j + 8. List the prime factors of m.
7
Suppose -2*p = -2*j - 46, -2*p - 41 = -4*p + 3*j. List the prime factors of p.
2, 7
Suppose -5*o = -0*o - 25. Suppose -2 = o*c - 4*c. What are the prime factors of 10/c*(-4)/5?
2
Suppose 2*l - 4*l = -10. Suppose -8 = -5*m + 12, 71 = l*r + 4*m. List the prime factors of r.
11
Suppose -3*j - 3*u = -15, -3*j - u - u + 15 = 0. Suppose -j - 13 = -3*n. What are the prime factors of n?
2, 3
Suppose -5*u = 0, y + u = 12 + 7. List the prime factors of y.
19
List the prime factors of ((-14)/2)/((-2)/6).
3, 7
Let x = -39 - -86. Let m = -34 + x. List the prime factors of m.
13
Suppose r - 1 - 4 = 0, -2*r - 14 = a. What are the prime factors of (-30